 29501 prime?
True
Is 1292387 a prime number?
True
Is 12042301 a composite number?
False
Is 116843 a composite number?
True
Is 3343303103 a prime number?
False
Is 414311 a prime number?
True
Is 12296341 a composite number?
False
Is 24244081 composite?
True
Is 6668047 a composite number?
False
Is 6911417 a prime number?
False
Is 3015839 a composite number?
False
Is 107697521 prime?
False
Is 56750167 composite?
False
Is 2948423 a composite number?
False
Is 241124629 a prime number?
False
Is 18440467 a prime number?
False
Is 17298861 a prime number?
False
Is 15023677 a composite number?
False
Is 4259753 composite?
False
Is 13722623 composite?
False
Is 11212049 prime?
False
Is 20937643 composite?
False
Is 61159121 prime?
True
Is 90541309 prime?
True
Is 18846517 a composite number?
False
Is 73701239 a composite number?
True
Is 31588399 a composite number?
False
Is 21653893 prime?
True
Is 489170063 a composite number?
False
Is 1801517 composite?
False
Is 10766071 a prime number?
True
Is 19014321 a composite number?
True
Is 349158633 prime?
False
Is 7277471 a composite number?
False
Is 26298923 prime?
False
Is 278041 composite?
False
Is 214939 prime?
True
Is 95061817 prime?
True
Is 105739 a prime number?
False
Is 1018807 composite?
False
Is 20876189 composite?
False
Is 280656127 a prime number?
False
Is 6013703 a prime number?
True
Is 16365269 prime?
True
Is 168613287 composite?
True
Is 37092197 composite?
False
Is 69289 a prime number?
False
Is 11713991 composite?
False
Is 76429607 composite?
True
Is 7619657 a prime number?
False
Is 9316193 prime?
False
Is 87040279 prime?
False
Is 131763367 a prime number?
True
Is 554523587 a composite number?
True
Is 20978627 prime?
False
Is 166130929 a prime number?
True
Is 34977527 a composite number?
True
Is 410251 a composite number?
True
Is 203265749 a prime number?
True
Is 153860821 composite?
False
Is 113766857 a composite number?
False
Is 48901861 a prime number?
True
Is 4173805 a prime number?
False
Is 651361 composite?
False
Is 623173697 composite?
True
Is 6134889 prime?
False
Is 4386099 a prime number?
False
Is 75336887 a composite number?
True
Is 2845685 a composite number?
True
Is 7207481 composite?
False
Is 686401 a prime number?
False
Is 27192241 composite?
False
Is 10702261 prime?
False
Is 42167561 prime?
True
Is 3502243 a prime number?
False
Is 17214433 prime?
False
Is 5921761 a composite number?
True
Is 143216083 prime?
True
Is 185885377 prime?
True
Is 2829247 composite?
False
Is 14343137 composite?
True
Is 4373389 prime?
True
Is 1368394351 a prime number?
True
Is 495983 prime?
True
Is 126182851 a composite number?
False
Is 29503583 a prime number?
False
Is 147889831 composite?
True
Is 457855 a composite number?
True
Is 382440881 prime?
False
Is 10221751 prime?
False
Is 38993 a prime number?
True
Is 132027601 a prime number?
False
Is 3126961 composite?
False
Is 15524129 a prime number?
True
Is 9324503 composite?
False
Is 108071801 a composite number?
False
Is 72975905 composite?
True
Is 167442133 a composite number?
True
Is 5308801 prime?
True
Is 14051057 a composite number?
False
Is 28108109 a composite number?
False
Is 2216723 a prime number?
False
Is 431971 a composite number?
True
Is 6319981 a composite number?
False
Is 2958656837 prime?
True
Is 110657419 a prime number?
True
Is 30110441 prime?
False
Is 5016227 prime?
False
Is 429515 a prime number?
False
Is 1151981 composite?
False
Is 1236058 composite?
True
Is 52043027 a prime number?
True
Is 199517 composite?
True
Is 66145489 a prime number?
True
Is 125913923 prime?
False
Is 1207762 prime?
False
Is 42349267 a composite number?
True
Is 5043646 composite?
True
Is 1807903 prime?
True
Is 372797 prime?
True
Is 1479647 composite?
True
Is 372148439 composite?
True
Is 5273959 a prime number?
True
Is 1203301 a prime number?
False
Is 487032869 prime?
True
Is 461407 prime?
True
Is 254137763 a composite number?
True
Is 1653698 a prime number?
False
Is 110352955 a composite number?
True
Is 2419523 a prime number?
True
Is 36545462 composite?
True
Is 45383237 a composite number?
False
Is 55164589 a composite number?
True
Is 36978353 prime?
True
Is 2120827 a prime number?
True
Is 355821029 a composite number?
False
Is 30485243 a composite number?
True
Is 30633437 a composite number?
True
Is 14511219 a composite number?
True
Is 6238703 a composite number?
False
Is 94606679 prime?
True
Is 42868349 prime?
True
Is 1956401 a prime number?
False
Is 276053 composite?
True
Is 26459459 prime?
False
Is 2865277 a composite number?
False
Is 4567659 prime?
False
Is 17081033 prime?
True
Is 160805647 prime?
True
Is 7404161 composite?
False
Is 2578787 a composite number?
False
Is 1891931 a prime number?
False
Is 64177463 prime?
False
Is 773341 a composite number?
False
Is 8178977 a composite number?
False
Is 9921979 a composite number?
True
Is 91679339 a composite number?
False
Is 31470685 a prime number?
False
Is 7110107 composite?
True
Is 1444873 a composite number?
False
Is 72859283 composite?
True
Is 14178847 prime?
True
Is 7718857 composite?
True
Is 385999 composite?
True
Is 3236659 a prime number?
False
Is 3593091 a composite number?
True
Is 91168657 prime?
True
Is 31091 composite?
False
Is 10276057 prime?
False
Is 5707721 a prime number?
True
Is 60542551 prime?
False
Is 2704867 composite?
True
Is 82660651 a prime number?
True
Is 25532539 a prime number?
False
Is 53637347 a prime number?
False
Is 31876993 composite?
False
Is 1641509 prime?
True
Is 2997767 prime?
True
Is 106729217 prime?
False
Is 1007801 composite?
False
Is 5323121 a composite number?
True
Is 36148717 a composite number?
True
Is 65353 a composite number?
False
Is 6693851 a composite number?
True
Is 9307061 prime?
True
Is 462723511 a prime number?
False
Is 14535173 a composite number?
True
Is 11925533 prime?
True
Is 4023501 composite?
True
Is 19796107 a composite number?
False
Is 2710247 prime?
False
Is 10566278 composite?
True
Is 171491951 prime?
True
Is 2056051 composite?
True
Is 48744931 prime?
False
Is 252925567 composite?
True
Is 672301 a prime number?
False
Is 646519 a prime number?
True
Is 39465997 a composite number?
False
Is 21643354 prime?
False
Is 2528221 composite?
False
Is 480721 a prime number?
False
Is 20219813 composite?
True
Is 369839 composite?
True
Is 21179339 a composite number?
False
Is 6526343 composite?
False
Is 10654319 composite?
True
Is 41946299 a prime number?
True
Is 2391047 prime?
False
Is 266847443 composite?
False
Is 23997641 a composite number?
False
Is 5865077 composite?
True
Is 13193589 a composite number?
True
Is 2111023 composite?
False
Is 1815721 a prime number?
False
Is 6588961 prime?
False
Is 2340551 a prime number?
True
Is 4894871 composite?
False
Is 38813927 composite?
False
Is 12943981 composite?
False
Is 4976123 a composite number?
True
Is 803717 composite?
False
Is 291953533 composite?
False
Is 1391041 composite?
False
Is 27165109 composite?
True
Is 17738269 a prime number?
True
Is 2078431 a prime number?
True
Is 143107577 prime?
True
Is 307619237 a composite number?
True
Is 31666069 a composite number?
True
Is 9313573 a composite number?
True
Is 3749198 a composite number?
True
Is 385067057 a prime number?
True
Is 137094887 composite?
False
Is 9534923 a composite number?
False
Is 1027739 a prime number?
True
Is 2173513 composite?
False
Is 15604177 composite?
False
Is 257009231 composite?
False
Is 6587059 a prime number?
False
Is 10000609 a prime number?
True
Is 52880349 composite?
True
Is 673259 prime?
False
Is 24708311 a prime number?
False
Is 1034849609 a composite number?
False
Is 2303057 prime?
True
Is 154819622 composite?
True
Is 1154627 a composite number?
True
Is 9907981 a composite number?
True
Is 7272217 composite?
False
Is 282481669 a composite number?
True
Is 226252465 a prime number?
False
Is 2993137 composite?
True
Is 412837 a prime number?
False
Is 2975717 a composite number?
True
Is 38037781 composite?
True
Is 279827 composite?
True
Is 23908487 a prime number?
True
Is 3019619 prime?
True
Is 464001 a prime number?
False
Is 49083049 composite?
True
Is 283550845 prime?
False
Is 1332373 prime?
False
Is 10262141 prime?
True
Is 242870299 composite?
True
Is 4034009 a prime number?
False
Is 125255197 prime?
True
Is 505357 composite?
False
Is 909